greatest common divisor of 5363 and z?
31
Let z = 52 - -12. Suppose 0*j + 4*b = -5*j + z, b + 47 = 4*j. Let q = -17 - -29. What is the highest common factor of q and j?
12
Suppose 960 = 53*l - 2485. Calculate the highest common divisor of 273 and l.
13
Suppose 9*l = 12*l + 6. Let m be 126/(-1 + -5)*l. Calculate the highest common divisor of m and 168.
42
Suppose -2 - 6 = -4*q. Suppose 0 = 63187*o - 63116*o - 355. Calculate the greatest common divisor of q and o.
1
Let b(y) = -6*y - 62. Suppose -122 - 4 = 7*x. Let c be b(x). Calculate the greatest common divisor of 138 and c.
46
Let y be 2/(-8)*(-120)/15. Suppose -7*i - s + 10 = -2*i, -y*i = 3*s + 9. Let h be 5/((-20)/(-76)) + i/(-1). Calculate the highest common divisor of 24 and h.
8
Let i be (-889)/(-508) + (-6994)/(-8). What is the highest common divisor of 108 and i?
12
Suppose -186 = -3*m + 36. Suppose 1596 = -m*z + 80*z. What is the greatest common factor of z and 14?
14
Let c = 6462 - 990. Calculate the greatest common factor of 8 and c.
8
Suppose b = 2*o + 3, -3*o + 1 + 2 = b. Suppose -19 = -x + w, o = 8*x - 11*x - 3*w + 27. What is the greatest common factor of 56 and x?
14
Let f = -338 + 851. Let z = f - -231. What is the greatest common divisor of z and 24?
24
Let h = 11 + -9. Suppose -12*t + 2100 = h*t. Suppose 0 = -5*x - x + t. Calculate the greatest common factor of 5 and x.
5
Let m(f) = -f**3 - 96*f**2 - 219*f - 49. Let x be m(-94). What is the highest common factor of 120 and x?
15
Let o be (-34)/(-85) - ((-11904)/40 - -3). Calculate the highest common divisor of 3127 and o.
59
Let l = -3069 - -4038. What is the greatest common divisor of 114 and l?
57
Let p = -4378 - -5620. What is the highest common divisor of 162 and p?
54
Let p(b) = b**3 - 39*b**2 + 44*b - 214. Let v be p(38). Calculate the highest common divisor of v and 4354.
14
Suppose 7215*a - 7217*a + 3170 = 0. Calculate the highest common factor of a and 15.
5
Let i(n) = 6*n - 12. Let c be i(4). Let w be 9/c + 77/4. Calculate the highest common factor of 150 and w.
10
Let c be 1 + 3/(-12) + 52/16. Suppose 0 = 5*v - c*v - 11. Suppose -31 = -2*q + v. What is the highest common factor of q and 42?
21
Suppose 169*q + 4608 = 201*q. Calculate the greatest common factor of 1746 and q.
18
Let u = -20304 - -20320. What is the highest common factor of 39856 and u?
16
Let a be ((24/(-10))/2)/(10/(-1200)). Suppose 6*h + a = 22*h. What is the greatest common divisor of h and 603?
9
Let x(q) = q**3 - 2*q**2 - 107*q + 1284. Let j be x(15). Calculate the greatest common factor of j and 930.
186
Let g be -12 + (-3 - (-506)/22). What is the greatest common factor of g and 2312?
8
Let c be (-6)/8*2436/(-63). Suppose -z = -2*n - 20, 3*n + c = z + 9. Calculate the greatest common divisor of z and 1.
1
Let r be 1/((-11)/(-2)) - 2100/(-308). Let j(g) = g**2 - 15*g + 16. Let o be j(r). Let y = -12 - o. Calculate the greatest common divisor of y and 8.
4
Suppose 77*x + 74*x = 302. What is the highest common divisor of 302 and x?
2
Let z be 7*36*(-30)/(-42). Suppose -13*f = -7*f - z. Calculate the highest common divisor of 12 and f.
6
Let l be 5 - (4 - 3) - (52 - 24). Let d be (-2*6/l)/(1/354). What is the highest common divisor of 472 and d?
59
Suppose 187 - 610 = -k + 5*y, -4*k + 1767 = 5*y. Calculate the greatest common factor of 78 and k.
6
Let c(y) = 8*y**3 - 5*y**2 + 61*y - 174. Let d be c(3). Let z = -205 - -520. What is the highest common divisor of z and d?
45
Let l(n) = -2*n - 16. Let t be l(-10). Let v be 14/(-6)*(28/t + -10). Suppose 3*m - v*m + 92 = 0. Calculate the greatest common divisor of 115 and m.
23
Let i = -55 + 100. Suppose -13 = -v + 2*l, 0 + 4 = -l. What is the greatest common divisor of i and v?
5
Let y = -513 + 583. What is the highest common divisor of 4375 and y?
35
Let k(y) = -226*y**3 + y. Let x be k(-1). Let j = -75 + 77. Suppose 4*t + 16 + 1 = c, j*t = -5*c + 129. What is the highest common factor of x and c?
25
Let m = -3340 - -3496. Suppose 0 = -2*a - 12 + 132. What is the greatest common factor of a and m?
12
Let q be -2*(88/80)/(-11)*(86 + -1). What is the greatest common factor of q and 1037?
17
Let v be (-4)/(-12)*-3*-8. Suppose -v*o - 1290 = -14*o. Let r = 479 - o. Calculate the greatest common divisor of r and 24.
24
Let t(p) = p**2 - 9*p - 18. Let g be t(-10). Suppose 2*j - 3*w - 313 = 0, 4*w + g = 3*j - 297. Calculate the highest common divisor of 31 and j.
31
Let n(b) be the third derivative of 5*b**6/12 - b**5/60 + b**4/4 - 2*b**3/3 + 2*b**2 + 39. Let i be n(1). Calculate the greatest common divisor of i and 17.
17
Let s(g) = -130*g - 55. Let d be s(-6). Suppose 5*o + q - d = 0, 452 = 5*o - 2*o + 4*q. What is the greatest common factor of 18 and o?
18
Suppose -28*n + 2862 = -26*n + 5*f, 5*n - 2*f = 7097. Calculate the greatest common factor of 14 and n.
7
Let o(s) = 22*s**3 + 0*s**2 + 27 - 9*s - 11*s**2 - 21*s**3. Let z be o(12). Calculate the greatest common divisor of z and 168.
21
Let j be (-5)/3*53328/(-880). What is the highest common divisor of j and 2525?
101
Suppose -6*y - 5*y - 539 = 0. Let i = -44 - y. Suppose -4*x + 123 = 7*j - 2*j, -i*x = 5*j - 150. Calculate the highest common divisor of x and 3.
3
Let v(n) = 4*n**2 - 4*n + 85. Let t be v(0). Suppose 10*j - 45 - 635 = 0. Calculate the greatest common factor of j and t.
17
Suppose -m + 63*i + 44 = 61*i, -m - i + 56 = 0. Let k(p) = 26*p**3 - 7*p**2 + 10*p + 7. Let y be k(3). Calculate the highest common factor of y and m.
52
Suppose 0 = 166*t - 177*t - 11. Let m be ((-2)/(48/(-18)))/(t/(-8)). What is the greatest common factor of m and 27?
3
Let f(b) = 12 - 42 + b**2 + 0*b**2 - 12*b - 2*b**2. Let y be f(-4). Calculate the highest common divisor of y and 62.
2
Let y(h) = 3*h**2 + 36*h - 103. Let c(t) = -5*t**2 - 71*t + 207. Let i(v) = 4*c(v) + 7*y(v). Let k be i(29). What is the greatest common divisor of k and 180?
20
Let q = 28 + -27. Let o be 4/(8 + -4)*q. Let g be 57 - ((-14)/7 + o + 1). Calculate the highest common factor of 19 and g.
19
Suppose -h + 4*a = 766, 5*h + a + 2888 = -963. Let j be ((-36)/(-7))/((-15)/h). Calculate the highest common factor of j and 198.
66
Suppose t - l + 3 = 10, t + 23 = -5*l. Suppose -2*s + 5*d = 28, 5*s = 3*s - 5*d + 12. Let c = t - s. What is the greatest common factor of 18 and c?
6
Let z(n) = -n + 2. Let u(g) = -13*g + 52. Let l(b) = -u(b) + 2*z(b). Let w be l(10). Calculate the highest common factor of 62 and w.
62
Let u(k) = 18*k**2 - 26*k + 56. Let h be u(3). Suppose 0 = 5*v - 0*v - 400. Calculate the greatest common divisor of h and v.
20
Suppose 247*z = 293*z - 4968. What is the highest common divisor of z and 900?
36
Let g be -5 - (-9 - -3) - 1. Suppose 36*w - 9*w - 54 = g. Calculate the greatest common divisor of 2 and w.
2
Let a be 7 + -2 + (-370)/(-2). Suppose -2*h = 130 - a. Let m be (-8)/36 + 56/9. Calculate the highest common divisor of h and m.
6
Let s be ((-2)/(-2) - -29)/((-24)/(-16)). Suppose -85 - s = -r. What is the greatest common factor of 7 and r?
7
Let c(u) = -74*u - 47. Let q be c(-3). Calculate the highest common divisor of q and 1175.
25
Let r be (-42)/4*(-1)/((-24)/(-32)). Let p be 8/(-64) + (-5489)/(-8). What is the highest common factor of p and r?
14
Let s = 253 - 258. Let h(x) = -2*x**3 - 5*x**2 + 14*x + 9. Let u be h(s). Calculate the greatest common divisor of u and 96.
32
Let y(o) = 49*o**2 + 65*o - 34. Let v be y(3). What is the greatest common divisor of v and 154?
14
Suppose 23*z - 17*z = 24. Let j be -1*(2 - 0 - 3). Calculate the greatest common factor of z and j.
1
Let w(l) = -8*l + 73. Let a be w(9). Suppose 5*j + 2*v - a = 4*j, 4*v - 1 = -j. Calculate the highest common factor of 27 and j.
1
Let r be 7 + (-5 - 3)/(-4)*-7 + 391. What is the highest common factor of 1680 and r?
48
Let f(k) = -k**3 + 16*k**2 - 4*k + 149. Let y be f(11). Calculate the highest common divisor of y and 80.
10
Suppose -11*s = -5*h - 139, -69*s - 76 = -74*s - 2*h. What is the greatest common divisor of 118 and s?
2
Let b(t) = t**3 + 7*t**2 + 22*t - 7. Let i be b(-8). Let h = i + 265. What is the highest common factor of 288 and h?
18
Suppose -1320 = -3*i - 4*n, -32 = -2*n - 20. Calculate the greatest common divisor of i and 243.
27
Let u be (-30 - -25 - -167) + 26. What is the great